+ 3 - (-2 + 2)?
1
Evaluate -9 - -7 - 6 - -12.
4
Calculate (-46 - -46) + 5 + 1 + -5.
1
4 + (14 - 20) + 2
0
(-2 - 2) + 2 - -1
-1
Calculate -2 - 1 - (106 - 115).
6
What is 9 + -4 - (-3 + -4 + 8)?
4
Evaluate 1 - ((-1 - -5) + -4).
1
What is the value of 5 + (-8 - (-1 + -10) - 0)?
8
(-1 - (-2 + -3)) + 5 + -4
5
What is the value of 0 - ((0 - (2 + -2)) + 3)?
-3
What is the value of -1 - (0 - (2 + 3)) - 4?
0
Calculate -13 - (-11 - (0 + -2)).
-4
What is the value of 3 + (4 - 5) - (1 + 5)?
-4
-4 - ((-5 - (-2 - -3)) + 2)
0
What is (8 - 0) + 6 + -9 + 0?
5
-19 + 21 + -1 + 0
1
What is 1 + (-20 + 8 - -2)?
-9
Calculate (6 - 1) + (-3 - (8 + -4)).
-2
-4 + (-6 - (-4 - 12))
6
Evaluate 1 - (-1 + -7 + 5).
4
-156 + 155 + (1 + 0 - 1)
-1
What is the value of 1 + (-1 - -4 - 1)?
3
What is (-6 - 2) + (2 - -2)?
-4
What is 7 + -2 + -12 + 7?
0
What is the value of 0 - -16 - (5 + 4 + -2)?
9
Evaluate -2 + 0 + 0 + 3 + 5.
6
Calculate (2 - -6) + (-8 - 3).
-3
Calculate (27 - 19) + -10 + 3 + 2.
3
-1 - (-2 - (11 + -7))
5
Calculate 6 + (5 - 7) + -9.
-5
What is -7 - (3 + -2 + 1 + -4)?
-5
Calculate -1 + -4 + 1 + -1 + 8.
3
Evaluate 7 + (1 - 8) + 4.
4
Calculate -2 - 3 - -1 - (1 - 4).
-1
What is 2 - (-4 + 6 - 3)?
3
-17 + 7 - (1 + -6)
-5
(-3 + 5 - -3) + 0 - 5
0
What is -10 - (8 + -19) - 3?
-2
(1 - 2) + (-3 - -5) + -1
0
What is -6 + 7 + -3 + 0?
-2
What is (-8 - 14 - -15) + (0 - -7)?
0
-8 + (19 - 5) + -9
-3
What is the value of -2 + -1 - (2 - 4)?
-1
(-4 + 4 + 1 - 3) + -3
-5
(2 - -1) + 23 + -19 - 15
-8
Calculate (-1 - -2) + -5 + -1.
-5
What is the value of 1 + (-2 + 9 - (32 - 25))?
1
Calculate (-11 - -4) + 5 + 0 + -1.
-3
Evaluate -68 + 64 - (-1 + 1) - -4.
0
Evaluate -3 + (0 - (0 + -2 - 2)).
1
0 - (10 - 1 - (-13 - -15))
-7
Evaluate (7 - (1 + -3 - -6)) + -9.
-6
Calculate -10 - (-3 + 3 + -6).
-4
What is (1 - 7) + 2 + 2?
-2
What is -1 + 0 + (-1 - 0) + -3?
-5
(6 - (4 + 0)) + 1 + -7
-4
What is the value of 1 - 1 - (-16 + 14 + 3)?
-1
What is (-11 - (-8 + -6)) + -9?
-6
Calculate (2 - 0) + 6 + (-3 - 1).
4
What is -2 + -10 + 6 + 1?
-5
Calculate (-1 - (5 - 11) - 6) + 3.
2
What is the value of -2 + (1 - -1 - -1) - 8?
-7
Evaluate 1 + -1 + -2 + 0.
-2
What is (2 - 8) + 7 - (7 + -3)?
-3
Evaluate (-2 - (-6 - (-2 + 0))) + -7.
-5
Evaluate (-42 - -42) + 1 + -1.
0
What is (-6 - -7) + -1 + 2?
2
What is the value of (-5 - -13 - 2) + -8 + 2?
0
-1 - (2 - -2 - 6)
1
What is the value of (1 - -1 - 5) + 1 + -1?
-3
Evaluate -6 - (6 + (-9 - (-4 - -2))).
-5
3 - (6 - (17 + 1 + -8))
7
What is -11 + 3 + (11 - -1)?
4
3 + 0 - (7 - 2 - -1)
-3
What is 2 + -1 + -13 + 25 + -4?
9
What is the value of (-2 - 0) + -1 + 1?
-2
Calculate (4 - 5) + 0 + (-6 - -2).
-5
What is the value of 3 - (4 + (-11 - -3) - -3)?
4
What is (-9 - (5 - 16)) + (7 - 1)?
8
1 - (-3 - (-4 + (7 - 0)))
7
What is -3 + (-2 + -6 - -8 - -6)?
3
What is the value of 14 + -19 - (-6 + 1)?
0
-2 + 0 - (6 + -26 + 9)
9
Evaluate (3 + -1 + -2 - -3) + 1.
4
Evaluate 4 + (-11 - -2 - 0).
-5
Evaluate (11 + -17 - (-2 - 1)) + 0.
-3
What is 0 - (-4 + (5 - 2))?
1
(1 - 0 - -2) + 1 - -1
5
What is -6 + (-5 - -5) + 1?
-5
Evaluate (0 - -2 - 2) + -4.
-4
Calculate -10 - (-5 + -10 - -8).
-3
Evaluate -1 - 1 - (-2 + 0 + 0).
0
Evaluate -6 - (2 - (3 + 4 - 1)).
-2
Calculate -1 - 1 - (-2 + (-1 - -4)).
-3
-1 - (-13 - -4) - 3
5
What is the value of -2 - -4 - (-1 - (0 + -1))?
2
What is the value of 7 + (-6 - (-5 - -5))?
1
What is -5 - (3 - 1 - (1 - -4))?
-2
Calculate 1 - (0 + 2 - (-15 + 15)).
-1
Calculate (-5 - (1 - 0)) + 3 + 5.
2
-7 - (-3 + -3) - (0 - 3)
2
Evaluate 0 + -4 + 2 - (-6 + 2).
2
Calculate -2 - (-3 - (5 + -6 + -3)).
-3
What is the value of 17 + -22 - (0 - 1)?
-4
What is (1 - 19) + 21 + (-7 - 0)?
-4
What is (6 - 19) + 4 + 19?
10
Evaluate 1 + -1 + 5 - 4.
1
Calculate 2 - (-12 - -4) - 3.
7
What is the value of -6 - -4 - (0 - -1)?
-3
(4 - (-1 + 1)) + -8 - -5
1
What is 2 + -5 - (1 + -2)?
-2
3 + 5 + -4 + -2 + 4
6
Calculate -1 - -6 - (-3 - -3).
5
What is the value of -7 + -2 + 2 + 12?
5
What is 0 + 11 - (95 - 90)?
6
7 + -13 + 1 - -2
-3
6 + (-1 - 9) + (14 - 9)
1
-2 + (2 + 4 + -8 - 2)
-6
What is 12 - (5 + (-2 - -6) + -3)?
6
1 + -2 + -4 + 3
-2
Evaluate 4 + 1 + (-8 - -2).
-1
What is the value of 5 + (2 - 0) - 9?
-2
1 - (0 + -5 + 15 + -5)
-4
Calculate 0 - (8 - 4) - (-2 + -3).
1
What is the value of 12 + -10 + -7 + 4?
-1
-2 + 4 - (-2 - (-5 + -5))
-6
Calculate 14 + (-13 - (4 + -11)).
8
Calculate 43 + -47 - (3 + -3 - -5).
-9
Evaluate (-25 - -25) + -2 + 7.
5
-8 - (-2 + (12 - 7) + -2)
-9
Evaluate (-1 + 3 - (4 - 0)) + 1.
-1
Evaluate -51 + 40 + (-2 - -12).
-1
-7 + (-9 - (-3 + -6))
-7
What is the value of -1 - 3 - (3 + -12 - -6)?
-1
Calculate (-3 - 1) + 15 + -9.
2
-6 - (-11 + (5 - 0))
0
3 + 4 + -5 + -5
-3
What is the value of (-2 - -4) + -1 + -3 - 0?
-2
What is -1 + -1 - (-6 + 0) - 5?
-1
12 - 2 - (-6 + 23)
-7
What is the value of -3 + 3 + 0 + 0 - -3?
3
-1 - -3 - (2 + -1)
1
What is the value of 4 + (0 - 4) - -4?
4
What is the value of -72 + 66 + (5 - 2)?
-3
Evaluate 3 + 1 - (-1 - 1 - -2).
4
Evaluate 3 - (-4 - (-3 + -1)).
3
-1 - (-3 - (0 + 0 + -3))
-1
(-10 + 14 - 9) + (1 - -7)
3
What is the value of (-14 - -13 - 3) + (10 - -1)?
7
Calculate 2 - (-8 + 4 - -10).
-4
What is the value of 13 - (19 + -7) - 6?
-5
Evaluate 0 + (0 - 2) - (-6 + 8).
-4
What is -3 - ((1 - -3) + -1 + -4)?
-2
Calculate (0 - 0) + (1 - 3) + 0.
-2
Calculate -36 - -38 - (0 - -3) - -5.
4
Evaluate -2 - -5 - (0 - 0 - -1).
2
What is 3 - (1 + (-1 + 3 - -1))?
-1
Evaluate (11 - -10) + -12 - 3.
6
What is the value of 1 - 1 - -1 - (5 - 3)?
-1
Calculate -7 + (14 - 27 - -27).
7
Evaluate (0 - (-2 - 2) - 6) + 5.
3
Evaluate 13 + -12 - (-1 + 0).
2
(-9 - (-8 + -5)) + 2
6
What is (-11 + 1 - 0) + 3 + 1?
-6
Evaluate (-8 - -6) + 8 - 7.
-1
What is -4 + 1 + (3 - -1)?
1
What is -4 + (7 - 0 - -3)?
6
Evaluate (5 - 3) + -4 + -2.
-4
What is the value of 5 - 2 - (-3 - -3)?
3
-8 + 4 - (3 + -6 - -3)
-4
What is the value of -10 + 6 - (-7 - -1)?
2
What is -3 + 2 + -12 + 10?
-3
What is the value of -2 + 4 + -11 + 15?
6
Evaluate (0 - (1 + -1)) + 0.
0
What is 0 + 0 + (5 - (5 - 0))?
0
Calculate -1 + -1 - (5 - 12).
5
What is 1 + 2 + 0 + -1 + 3?
5
Evaluate -5 + 2 + 11 + -3.
5
What is -9 + -1 - (54 - 64)?
0
What is (0 - (1 + 0)) + 4 + -2?
1
7 + 18 + -14 + -14 + 0
-3
Evaluate 0 + -1 - (34 - 28).
-7
What is 3 + 0 + (34 - 31) - 0?
6
Calculate 13 - (3 + 9) - 7.
-6
What is (1 - -3) + (-2 - -3 - 1)?
4
(11 - 8) + (6 - 18)
-9
What is (-2 - (1 + 0)) + 0?
-3
What is the value of -43 + 39 + 0 + 10?
6
Evaluate 0 + -2 + -1 - (0 - 2).
-1
Evaluate -1 - (8 + -2 - (0 + 2)).
-5
What is the value of (-1 - (0 + 2)) + (-9 - -7)?
-5
What is (-17 - -12) + (4 - 2) - 3?
-6
Evaluate (0 + 8 - 5) + -6.
-3
What is the value of 4 - (19 + -18 - (0 - 0))?
3
-5 - (1 + -1 + -4) - -3
2
What is the value of (6 - (-2 - -3 - -1)) + 1?
5
What is -16 - (5 - (-1 + 13))?
-9
Evaluate -3 + 1 + 7 + (-12 - -1).
-6
What is the value of 1 + (0 - (-1 + 0))?
2
What is the value of 1 + 1 + (4 + 0 - 1)?
5
What is -3 + (7 - -1) + -38 + 33?
0
Calculate (-4 - -2 - -2) + -3.
-3
What is -8 + 1 + 16 + (-6 - -1)?
4
What is -1 + 6 - ((-11 - 20) + 28)?
8
What is -3 - (-2 + -3) - 7?
-5
(9 - 2) + (-7 - 5)
-5
Evaluate -1 + 1 - (0 - -1) - -3.
2
What is the value of 58 + -58 + (-1 - 0 - -1)?
0
-14 + 11 + 4 + (-1 - -1)
1
Evaluate (-5 - -8) + -8 - -10 - -1.
6
(2 - 2) + (0 - 0 - 0)
0
What is the value of 10 - (12 - (-17 + 8))?
-11
What is the value of -1 + (0 - 4 - 3 - -4)?
-4
Evaluate -1 + 0 - (1 + 0).
-2
8 + (-6 - -7 - -2)
11
Evaluate -5 + (3 + 13 - 8).
3
What is the value of (9 - 6) + -7 + 2?
-2
What is the value of 0 - 0 - (-2 + 4 + -4)?
2
What is the value of -5 - (-2 - 4) - 4?
-3
What is the value of -3 - (4 - (8 + 3))?
4
Calculate -3 + (-3 - (0 - 3)).
-3
-16 + 9 + -3 - -4
-6
What is the value of -19 - -21 - (1 + (-2 - -2))?
1
Calculate -87 + 74 - (-8 + -2 - -3).
-6
Evaluate 1 + (-4 - -4) - -4.
5
What is the value of 3 - ((3 - -1) + 1 - 1)?
-1
-13 - (5 + -11 + -1)
-6
What is the value of -53 - -57 - (2 + 5)?
-3
What is 4 + (3 - (-3 - -6 - -5))?
-1
Calculate -14 + -9 + 15 - -8.
0
What is the value of (-4 - 3) + -2 + 6?
-3
-6 - (-1 + 0) - -13
8
Evaluate 1 - 0 - (6 + -9).
4
What is the value of (-1 - -10) + 1 + -6?
4
(-2 - (0 + -2 + 0)) + 4
4
What is 10 + -5 - 10 - -2?
-3
What is -5 - -5 - (-8 - (-6 + 0))?
2
What is (12 - 4) + (-1 - 1) + -1?
5
Calcul